 108727 a composite number?
False
Is 29459 composite?
True
Is 10121 prime?
False
Is 49391 composite?
False
Is 59219 composite?
False
Is 2391 a composite number?
True
Is 37871 composite?
False
Is 2459 a composite number?
False
Is 13381 a composite number?
False
Is 23741 composite?
False
Is 262253 composite?
False
Is 80059 prime?
False
Is 92251 a composite number?
False
Is 22853 a composite number?
False
Is 145001 prime?
False
Is 191063 a composite number?
True
Is 1678853 a composite number?
True
Is 154487 prime?
True
Is 534337 prime?
False
Is 8173 a composite number?
True
Is 62039 a prime number?
True
Is 75727 prime?
False
Is 143651 prime?
True
Is 13061 composite?
True
Is 68207 a composite number?
False
Is 28777 a composite number?
True
Is 11159 a composite number?
False
Is 5951 prime?
False
Is 341167 composite?
True
Is 3707 a composite number?
True
Is 308663 a prime number?
True
Is 561703 a prime number?
True
Is 83123 prime?
False
Is 653 prime?
True
Is 266843 composite?
True
Is 331 a prime number?
True
Is 177109 a prime number?
True
Is 2249 a prime number?
False
Is 52529 a composite number?
False
Is 13163 a prime number?
True
Is 34721 a prime number?
True
Is 270371 composite?
False
Is 21703 a composite number?
True
Is 137829 prime?
False
Is 94993 a prime number?
True
Is 20477 prime?
True
Is 125959 a prime number?
True
Is 135934 composite?
True
Is 2807 a prime number?
False
Is 11017 a composite number?
True
Is 227743 a composite number?
False
Is 54133 a composite number?
False
Is 71419 composite?
False
Is 11351 prime?
True
Is 394657 composite?
True
Is 30335 composite?
True
Is 943967 a composite number?
False
Is 228917 composite?
True
Is 40163 composite?
False
Is 97961 prime?
True
Is 1178447 composite?
False
Is 37321 a prime number?
True
Is 263053 a prime number?
False
Is 245849 composite?
False
Is 153817 a composite number?
False
Is 55073 prime?
True
Is 104147 a composite number?
False
Is 2167 composite?
True
Is 5257 a composite number?
True
Is 422 a composite number?
True
Is 6559 composite?
True
Is 4249 prime?
False
Is 682679 composite?
False
Is 54907 a prime number?
True
Is 2223173 a composite number?
True
Is 8353 a prime number?
True
Is 59315 composite?
True
Is 18013 prime?
True
Is 56569 a prime number?
True
Is 1193 composite?
False
Is 238949 composite?
False
Is 151783 a composite number?
False
Is 246551 composite?
True
Is 18301 a prime number?
True
Is 38953 a prime number?
True
Is 68917 a prime number?
True
Is 1949 composite?
False
Is 54617 composite?
False
Is 216967 a composite number?
False
Is 1150333 prime?
False
Is 34883 prime?
True
Is 162341 prime?
False
Is 87443 a composite number?
False
Is 1585461 composite?
True
Is 191743 a composite number?
True
Is 32183 composite?
False
Is 1111 a composite number?
True
Is 37495 prime?
False
Is 125374 composite?
True
Is 19181 a composite number?
False
Is 47858 composite?
True
Is 179317 a composite number?
False
Is 5591 composite?
False
Is 102293 composite?
False
Is 11873 a prime number?
False
Is 83023 prime?
True
Is 26734 a composite number?
True
Is 148721 prime?
True
Is 1226255 composite?
True
Is 69959 a composite number?
False
Is 156749 prime?
True
Is 179369 composite?
False
Is 37087 composite?
False
Is 107927 a prime number?
True
Is 10211 prime?
True
Is 16871 a prime number?
True
Is 2983 a prime number?
False
Is 15161 a composite number?
False
Is 6731 a composite number?
True
Is 37299 a prime number?
False
Is 59219 composite?
False
Is 302933 prime?
False
Is 2221399 a prime number?
True
Is 188402 composite?
True
Is 503831 composite?
True
Is 9346 prime?
False
Is 257973 prime?
False
Is 11189 composite?
True
Is 288383 prime?
True
Is 80309 a prime number?
True
Is 1543 a prime number?
True
Is 1671 a composite number?
True
Is 3593 prime?
True
Is 320377 prime?
True
Is 116239 composite?
False
Is 86123 composite?
True
Is 260527 a composite number?
False
Is 253 prime?
False
Is 116579 prime?
True
Is 845617 prime?
False
Is 255527 prime?
False
Is 52951 a composite number?
False
Is 4751 composite?
False
Is 120403 composite?
True
Is 58709 composite?
True
Is 2749 prime?
True
Is 1541471 prime?
True
Is 424939 a composite number?
False
Is 10831 composite?
False
Is 350317 prime?
False
Is 110945 composite?
True
Is 168949 prime?
False
Is 370655 composite?
True
Is 2669 composite?
True
Is 550217 prime?
False
Is 97267 a composite number?
True
Is 2923 prime?
False
Is 153911 a prime number?
True
Is 165079 composite?
False
Is 1378427 composite?
False
Is 7069 a composite number?
False
Is 3981 a composite number?
True
Is 2515 a composite number?
True
Is 230719 a composite number?
False
Is 97919 composite?
False
Is 362137 prime?
True
Is 301381 a prime number?
True
Is 2437 prime?
True
Is 40231 a prime number?
True
Is 771 a prime number?
False
Is 56201 a prime number?
False
Is 64123 composite?
False
Is 5855 a prime number?
False
Is 54269 prime?
True
Is 283539 composite?
True
Is 190439 prime?
False
Is 192689 prime?
False
Is 1790849 composite?
True
Is 4218179 a prime number?
False
Is 188794 a composite number?
True
Is 138887 a prime number?
False
Is 104281 a composite number?
False
Is 415861 a prime number?
True
Is 5545 prime?
False
Is 149197 a prime number?
True
Is 4435 a composite number?
True
Is 35193 a composite number?
True
Is 29101 a composite number?
False
Is 376535 a composite number?
True
Is 5921 a prime number?
False
Is 21223 composite?
True
Is 1721451 a composite number?
True
Is 231169 prime?
True
Is 283741 composite?
False
Is 458353 composite?
True
Is 296797 composite?
False
Is 114697 a prime number?
False
Is 61315 prime?
False
Is 19123 prime?
False
Is 7993 a prime number?
True
Is 522809 a composite number?
True
Is 1139 a composite number?
True
Is 764293 composite?
False
Is 338915 composite?
True
Is 421391 a composite number?
True
Is 5711 a composite number?
False
Is 10573 a composite number?
True
Is 670421 composite?
True
Is 4271 a composite number?
False
Is 159223 prime?
True
Is 49103 prime?
True
Is 56401 prime?
True
Is 43391 a prime number?
True
Is 264671 prime?
False
Is 868151 composite?
False
Is 149267 a composite number?
True
Is 979 a composite number?
True
Is 165437 a composite number?
False
Is 1022377 a composite number?
False
Is 1812295 composite?
True
Is 48751 composite?
False
Is 3799 a prime number?
False
Is 539891 a composite number?
True
Is 111317 a prime number?
True
Is 143945 prime?
False
Is 87545 a prime number?
False
Is 772567 prime?
True
Is 87027 prime?
False
Is 11393 a prime number?
True
Is 2901269 a prime number?
False
Is 1423 a composite number?
False
Is 15907 a composite number?
False
Is 2126087 composite?
False
Is 66431 a composite number?
False
Is 10973 prime?
True
Is 35251 a prime number?
True
Is 881509 a composite number?
False
Is 46399 a composite number?
False
Is 37831 a prime number?
True
Is 1306 composite?
True
Is 88169 composite?
False
Is 2231815 composite?
True
Is 5317 composite?
True
Is 75281 prime?
False
Is 1837541 composite?
False
Is 163927 prime?
True
Is 82207 a composite number?
False
Is 75079 prime?
True
Is 15389 a composite number?
True
Is 161521 prime?
True
Is 56081 composite?
False
Is 809 composite?
False
Is 2413 a composite number?
True
Is 16738 a prime number?
False
Is 1319 composite?
False
Is 1278565 a prime number?
False
Is 928123 prime?
False
Is 25219 a prime number?
True
Is 62267 a prime number?
False
Is 109299 composite?
True
Is 1191 a composite number?
True
Is 162109 a composite number?
False
Is 765523 a composite number?
True
Is 483409 prime?
True
Is 2420211 a prime number?
False
Is 1297591 a prime number?
False
Is 726659 composite?
False
Is 4637 a prime number?
True
Is 6197 a prime number?
True
Is 39385 composite?
True
Is 4271 a prime number?
True
Is 120433 composite?
True
Is 2760751 a composite number?
True
Is 751 composite?
False
Is 35251 a composite number?
False
Is 94495 a prime number?
False
Is 1151 a prime number?
True
Is 98369 a prime number?
True
Is 1009 a composite number?
False
Is 138283 a composite number?
False
Is 10091 a prime number?
True
Is 66613 prime?
False
Is 38953 a composite number?
False
Is 1677251 composite?
False
Is 1413433 a prime number?
False
Is 110049 prime?
False
Is 210829 composite?
True
Is 301381 a composite number?
False
Is 367369 a 